t is h(x)?
0
Suppose -26*w + 116 = 428. Let h(b) = -b**2 - 12*b + 2. Determine h(w).
2
Let n = -29 + 29. Let k(m) = n*m**2 - 4*m**2 + m**3 + 6 + 3*m**2. Determine k(0).
6
Let n = -80 - -84. Let h(s) = 3*s - 6. Determine h(n).
6
Let z(l) = l - 3. Let h(a) = -a + 5. Let r(t) = t - 6. Let d(u) = 3*h(u) + 2*r(u). Let f(y) = -2*d(y) - 3*z(y). Calculate f(3).
0
Let m be (-5 - (-7 - -2))/2. Let h(x) be the second derivative of 7*x + m - 5/2*x**2 + 1/12*x**4 + 5/6*x**3. Determine h(-6).
1
Let l(s) be the third derivative of -1/15*s**5 + 0 - 2/3*s**3 - 1/120*s**6 - 9*s**2 + 0*s - 5/24*s**4. Suppose -12 = -0*c + 4*c. What is l(c)?
2
Let f(d) = d**3 + 4*d**2 + 5*d - 2. Let s(w) = 2*w**3 + 7*w**2 + 10*w - 5. Let z(m) = 7*f(m) - 3*s(m). Let o be 2/(-6) + 272/(-48). Calculate z(o).
7
Suppose -2*p - 2*g = 0, 7 = -4*p + 7*g - 4*g. Let d(x) = -22*x - 2. Determine d(p).
20
Let j(g) be the second derivative of 29*g + 1/6*g**3 - 1/2*g**2 + 0. Let v = 3 - 0. Determine j(v).
2
Let f = 83 - -17. Let j(t) = 101 + f - 203 + t. Give j(-4).
-6
Let l(o) be the first derivative of o**4/4 - o**3/3 + 5*o - 91. Let n(w) = -w**2 + w. Let k be n(1). Determine l(k).
5
Suppose 2*r = -3*x - 17, r - 12*x = -9*x + 5. Let l(n) = -2*n + 2 + 1 + 0 - n**2. Determine l(r).
-5
Suppose -i + 32 = 36. Let v be (3/((-12)/(-10)))/(i/8). Let s(w) = -w**2 - 5*w - 2. What is s(v)?
-2
Suppose 0 = 5*g + 8 - 18. Let y(s) = -4*s + 3. Give y(g).
-5
Let h(r) = -8*r + 8834 + 9*r**2 - 7*r**2 - r**2 - 8829. Suppose 8*z - 40 = 2*d + 3*z, 0 = 5*d - 4*z + 66. Let g = d + 17. Determine h(g).
-2
Let p be 3/((30/(-16))/(-5)). Suppose p = -4*h + 2*h. Let i(f) = 5*f + 6 - 1 + f**2 - 9 + 1. Give i(h).
-7
Let r(l) be the third derivative of -l**5/60 + l**4/8 + l**3/3 - 2*l**2 + l. Determine r(-2).
-8
Let p = -1944 + 1945. Let w(h) = 12*h**2 - h + 1. What is w(p)?
12
Let o(g) = -5*g - 5*g**2 + 3*g + 4 + 4*g**2 - g. Suppose -j = 2*j - i - 14, 4*j = -i + 21. Suppose -5*f - j = -f + 3*d, -5*f - 10 = 3*d. What is o(f)?
-6
Let a(l) = l**3 + l**2 - 2*l - 3. Let j(k) = 2*k**3 - 3*k - 6. Let i(u) = 5*a(u) - 3*j(u). Determine i(5).
-2
Let v(n) = -n + 0*n + 3 - 1 + 0. Let c be v(1). Let g(b) = -9*b**2 - b. Determine g(c).
-10
Let y(l) be the second derivative of -5/12*l**4 + 12*l - 1/2*l**3 + 5/2*l**2 + 0 + 1/20*l**5. Determine y(5).
-10
Let x = -19 - -26. Let p(c) = -c**3 + 7*c**2 - c + 1. Give p(x).
-6
Let g(z) = 5*z**2 + 8*z - 1. Let r(i) = -6*i**2 - 9*i + 2. Let d be (0 - -2)/(2/(-5)). Let q(t) = d*g(t) - 4*r(t). What is q(-3)?
0
Let a(i) = 2*i + 2. Suppose 414 = t + 3*t - 5*w, 4*t - 396 = -4*w. Let l = t + -97. Calculate a(l).
10
Let m(a) = 2*a**2 - 12*a + 2. Let t = -323 + 329. Give m(t).
2
Let i(a) = -18*a - 191. Let w be i(-11). Let r(k) = -k**3 + 6*k**2 + 10*k - 8. Determine r(w).
13
Let k(l) be the second derivative of l**5/20 - l**4/6 + l**3/3 - l**2 + 10*l. Let w(m) = -m**2 + 13*m - 33. Let p be w(9). Determine k(p).
13
Let w(h) = h. Let v(m) = -4*m - 1. Let d(x) = v(x) + 2*w(x). Determine d(-1).
1
Let n(o) be the first derivative of -o**2/2 - 7*o + 52. Give n(5).
-12
Let q(u) be the first derivative of u**4/4 + 5*u**3/3 + 4*u**2 + 3*u + 195. Calculate q(-4).
-13
Let t(i) = -i**3 + 7*i**2 - 8*i + 2. Suppose -4*z - 3*d = -8, -z - 5*d - 25 = -10. Calculate t(z).
12
Let i(p) = -11*p**3 + 9*p**2 + 31*p - 19. Let h(d) = -5*d**3 + 5*d**2 + 15*d - 9. Let z(y) = -9*h(y) + 4*i(y). Calculate z(10).
-5
Let j(t) be the second derivative of -5*t**3/6 - 3*t**2/2 - 639*t. What is j(3)?
-18
Let v(o) = o**3 - 6*o**2 + 8. Let n(x) = -6*x**2 - 6*x - 22. Let m(k) = -k**2 + k - 1. Let l(d) = -5*m(d) + n(d). Let i be l(-7). Let t = -5 + i. What is v(t)?
8
Suppose 5*i + 19 = -4*s, 0 = 70*i - 68*i + 6. Let x(j) = -17*j**2 - 3*j - 2. Calculate x(s).
-16
Let p = 38 - 20. Let h(u) = -42 + 23 + 2*u**2 + p. Calculate h(3).
17
Let x(q) = q - 1. Let u(b) = -8*b. Let h(n) = -u(n) - 3*x(n). Let w be 3 - (3 - -8) - (-45)/9. Determine h(w).
-12
Let f(u) be the third derivative of u**4/8 - u**3/3 + 717*u**2. Let p(c) = c**3 + 4*c**2 + c - 4. Suppose 4*w = 7 - 19. Let j be p(w). Calculate f(j).
4
Suppose 3*p + 10 = 4*j, p = 5*p - 8. Let a(s) = -s + s**3 + s**2 + 2 - j + 5. Suppose -h = 3*d + 6, 0*h - d = 4*h + 13. What is a(h)?
-12
Let t be 260/12 + (-3)/(-9). Let s be (33/t)/((-1)/2). Let z(o) = -o + 1. Let i(n) = -n**2 + 7*n - 9. Let q(y) = -2*i(y) - 18*z(y). What is q(s)?
6
Let n(w) = -w**3 - 8*w**2 + 4. Let d(z) = 5*z**3 + 36*z**2 - 16. Let t(i) = 2*d(i) + 9*n(i). What is t(-2)?
-4
Let w(j) be the first derivative of j**4/4 - 5*j**3/3 + j**2 + 9*j + 12. Give w(4).
1
Suppose 0 = v - 5*v. Let w = v - -6. Let s(z) = 11*z**2 - z + 21. Let u(m) = 4*m**2 + 8. Let p(f) = 3*s(f) - 8*u(f). What is p(w)?
17
Let g(j) = -j**2 - 15*j + 11. Let f be (-6 - -4)/(5/40). Calculate g(f).
-5
Let g(v) = 4*v. Let i(q) = -3*q + 1. Let j(l) = 2*g(l) + 3*i(l). Let p = 14 + -20. Let h be (p/(-8))/(1/4). Determine j(h).
0
Let y(k) = k**2 - 6 - 4 + 8*k + 21 - 3. Let f = -14 - -7. Calculate y(f).
1
Let d(x) = 6 + 4*x - 5 - 3*x + 2*x. Let h be (5/2)/(1/(-2)). Let g = h - -7. Calculate d(g).
7
Let d(x) = -10*x**2 - 2*x - 5. Let c(j) = 10*j**2 + 3*j + 7. Let v(g) = 2*c(g) + 3*d(g). Calculate v(1).
-11
Let h = 16 + -14. Suppose -4*r - 2 = -2*s + h, -3*r - 13 = -4*s. Let t(w) = -18*w**2 - w + 1. Determine t(r).
-18
Let i(l) = -l**2 + 3*l - 1. Let w be (-3 - 27)*(-2)/2. Suppose t = 2*y + 5*t - w, 5*y - 3*t = 114. Let r be ((-9)/(-6))/(y/28). Determine i(r).
1
Suppose 4*i + 0*i = -24. Let a be i*(15/18 - 1). Let n(y) = 8*y**2 - y + 1. Calculate n(a).
8
Let p(r) = -r**3 - 20*r**2 + 2*r + 32. Let w be 9 + (-31 - -7) - 5. Give p(w).
-8
Let i(c) = -c + 3*c + 2*c - c**2 - 3 + 2*c. Let y(s) = 2 - 6 + 2 + 2*s. Let q be y(3). Calculate i(q).
5
Let w(l) = -l**2 - 19*l - 1. Let z be w(-19). Let g = 1 - z. Let f(s) = -5*s + 2. Calculate f(g).
-8
Let j = -1940 + 1935. Let h(v) = 3*v + 6. Determine h(j).
-9
Let p(k) = k**2 + 3*k + 1. Let y(r) = 25*r**3 - 3*r**2 - r + 1. Let m be y(-1). Let s = m + 21. Determine p(s).
11
Suppose -5*m + 7 + 3 = 0. Let k(t) = t**2 + 2 - m. Let b = 7 - 9. Calculate k(b).
4
Let d(n) = -n - 5. Let t(y) = 2*y + 21. Let u(x) = -3*d(x) - t(x). What is u(8)?
2
Let g(y) = -4*y. Let q(k) = -k. Let p(d) = d. Let h(s) = -5*p(s) - 7*q(s). Let u(i) = 3*g(i) + 5*h(i). What is u(1)?
-2
Let c(h) = 14*h**2 - 7*h**2 + 2 - 7*h - h**3 + 5. Suppose 3*k - 5*j + 16 = k, 17 = -3*k + 4*j. Let p be (k/(-2))/((-3)/(-12)). Determine c(p).
1
Let i(s) = 0*s + 2*s + 5 + 3 - s. What is i(0)?
8
Let g(f) be the first derivative of -f**3/3 - 5*f**2/2 + 7*f + 656. Give g(-7).
-7
Let a(o) = 37*o - 7*o**2 - 2 - 12*o - 22*o. Determine a(1).
-6
Let w(c) = c + 6. Let o be (-1)/((-159)/(-54) - 3). Suppose o = -3*l + 5*l. Let s be -2*(l/(-6) + -1). Determine w(s).
11
Let x(w) be the third derivative of w**6/40 + w**5/60 + w**4/12 + w**3/6 + 62*w**2. Let b = 0 - 1. Give x(b).
-3
Let c = -159 + 165. Let s(y) = c*y + 5*y - 13*y - 1. Determine s(-1).
1
Let h(y) = y**3 - 7*y**2 + y - 8. Let z = -168 + 175. Give h(z).
-1
Let q(z) be the third derivative of -z**6/120 + z**5/15 + z**4/8 - 7*z**3/6 + 48*z**2 + 3. Give q(5).
-17
Let w(x) = 6*x - 9. Let b be w(2). Let l(m) = -m**3 + m**2 - 3. Let q(u) = 3*u**3 - 4*u**2 - u + 9. Let d(n) = b*q(n) + 8*l(n). Calculate d(5).
13
Let x be ((-1)/2*2)/(-1). Let j(v) be the first derivative of 2*v**2 + 2*v - 193. Let b be j(x). Let y(w) = w - 3. Give y(b).
3
Let x(q) be the second derivative of q**4/12 + q**3/3 - 8*q**2 - 12*q. Let g be x(4). Let r(p) = -p + 13. Determine r(g).
5
Suppose -4*m - 3*m = -21. Suppose -l + 5*h + 17 = -0*h, -m*l - 3*h + 15 = 0. Let i(d) = -d**3 + 8*d**2 - 7*d + 2. Calculate i(l).
2
Let y(q) be the third derivative of 0*q + 0 + 1/10*q**5 + 7/6*q**3 - 1/120*q**6 + 12*q**2 - 1/3*q**4. What is y(5)?
-8
Let q(f) be the first derivative of -f**3/3 + 13*f**2/2 - 10*f + 169. Determine q(11).
12
Let m(h) be the third derivative of 1/12*h**5 - 1/6*h**3 - 5/24*h**4 + 1/120*h**6 + 0 + 33*h - h**2. Give m(-6).
-7
Let r(j) be the first derivative of j**4/4 + j**3/6 - 22*j - 22. Let m(x) be the first derivative of r(x). Give m(-2).
10
Let y(a) = -a**3 + 22*a**2 - 22*a + 19. Let r be y(21). Let b(f) = 9*f - 1. Determine b(r).
-19
Let l = -18 + 51. Let a(o) =